455643592?
2, 29, 1963981
What are the prime factors of 124625942?
2, 7, 8901853
List the prime factors of 385572358.
2, 19, 31, 327311
List the prime factors of 3325927315.
5, 499, 1039, 1283
What are the prime factors of 701142382?
2, 350571191
What are the prime factors of 127620976?
2, 7, 1139473
List the prime factors of 111280747.
111280747
List the prime factors of 275047154.
2, 19, 1433, 5051
List the prime factors of 4886000592.
2, 3, 11, 9253789
What are the prime factors of 124580651?
13, 9583127
What are the prime factors of 3389140670?
2, 5, 1049, 323083
List the prime factors of 2646428202.
2, 3, 11, 131, 257, 397
What are the prime factors of 69598699?
53, 653, 2011
List the prime factors of 88771170.
2, 3, 5, 251, 11789
What are the prime factors of 5790969703?
367, 15779209
What are the prime factors of 215989419?
3, 29, 421, 5897
What are the prime factors of 587370950?
2, 5, 31, 378949
What are the prime factors of 46305104?
2, 2894069
List the prime factors of 277844535.
3, 5, 353, 17491
What are the prime factors of 1107193537?
1543, 717559
List the prime factors of 573322116.
2, 3, 59, 263, 3079
List the prime factors of 1984067128.
2, 43, 5767637
List the prime factors of 5876631.
3, 72551
What are the prime factors of 2850879471?
3, 11, 337, 389, 659
What are the prime factors of 300398545?
5, 2411, 24919
List the prime factors of 635954318.
2, 151, 2105809
What are the prime factors of 476440909?
7, 6761, 10067
What are the prime factors of 47179019?
101, 467119
List the prime factors of 172225758.
2, 3, 4967, 5779
What are the prime factors of 843672?
2, 3, 35153
List the prime factors of 32820410.
2, 5, 7, 19, 24677
List the prime factors of 2285489733.
3, 2297, 331663
What are the prime factors of 515607340?
2, 5, 25780367
List the prime factors of 12188532.
2, 3, 61, 16651
What are the prime factors of 120538148?
2, 30134537
List the prime factors of 129743554.
2, 71, 913687
List the prime factors of 742298713.
13, 57099901
List the prime factors of 116968730.
2, 5, 2731, 4283
What are the prime factors of 85081350?
2, 3, 5, 567209
List the prime factors of 138317591.
83, 1666477
What are the prime factors of 381014750?
2, 5, 1524059
What are the prime factors of 144662374?
2, 113, 640099
What are the prime factors of 1060800151?
1060800151
What are the prime factors of 62794591?
7207, 8713
What are the prime factors of 1960583351?
2287, 857273
List the prime factors of 16705340.
2, 5, 79, 97, 109
What are the prime factors of 24534833?
19, 463, 2789
List the prime factors of 1749961178.
2, 7, 124997227
List the prime factors of 4198365.
3, 5, 137, 227
What are the prime factors of 50093007?
3, 16697669
What are the prime factors of 495344647?
7, 7349, 9629
What are the prime factors of 886338407?
9151, 96857
What are the prime factors of 1193307274?
2, 19, 31402823
What are the prime factors of 1748684286?
2, 3, 97149127
List the prime factors of 932585601.
3, 593, 524219
List the prime factors of 3441089942.
2, 1720544971
What are the prime factors of 905263676?
2, 226315919
What are the prime factors of 3072009997?
7, 283, 1550737
List the prime factors of 833905323.
3, 92656147
List the prime factors of 48410538.
2, 3, 11, 23, 31891
List the prime factors of 39079065.
3, 5, 31, 2711
What are the prime factors of 2370726515?
5, 607, 781129
List the prime factors of 20350533.
3, 7, 19777
What are the prime factors of 180124353?
3, 31, 109, 5923
List the prime factors of 51504316.
2, 12876079
What are the prime factors of 182791816?
2, 433, 52769
What are the prime factors of 2051405859?
3, 43, 443, 35897
List the prime factors of 240482055.
3, 5, 11, 37, 3581
List the prime factors of 652812375.
3, 5, 47, 37039
What are the prime factors of 463431801?
3, 7, 701, 31481
List the prime factors of 2185430683.
2185430683
List the prime factors of 955798596.
2, 3, 8849987
What are the prime factors of 305546409?
3, 7, 197, 3517
List the prime factors of 4197944334.
2, 3, 17, 647, 63611
List the prime factors of 697028629.
11, 63366239
What are the prime factors of 1875284456?
2, 234410557
List the prime factors of 242507265.
3, 5, 7, 11, 13, 31, 521
What are the prime factors of 396191051?
396191051
What are the prime factors of 125352945?
3, 5, 137, 20333
What are the prime factors of 435995700?
2, 3, 5, 7, 191, 1087
What are the prime factors of 222940658?
2, 167, 667487
What are the prime factors of 3062640?
2, 3, 5, 7, 1823
List the prime factors of 18099725.
5, 7, 59, 1753
What are the prime factors of 82139502?
2, 3, 1993, 6869
List the prime factors of 156621107.
41, 197, 19391
What are the prime factors of 8873514033?
3, 829, 3567959
What are the prime factors of 2186969190?
2, 3, 5, 7, 10414139
List the prime factors of 39233387.
1733, 22639
What are the prime factors of 26129113?
26129113
List the prime factors of 85659443.
593, 144451
List the prime factors of 828009835.
5, 19, 59, 147727
List the prime factors of 991684804.
2, 11, 37, 609143
List the prime factors of 1837696133.
7, 13, 173, 116731
List the prime factors of 2802412392.
2, 3, 13, 8982091
List the prime factors of 172834088.
2, 7, 359, 8597
List the prime factors of 98774139.
3, 43, 53, 14447
List the prime factors of 1018942.
2, 79, 6449
What are the prime factors of 315254832?
2, 3, 61, 67, 1607
What are the prime factors of 1582782447?
3, 2861, 184409
List the prime factors of 406403425.
5, 16256137
What are the prime factors of 623036251?
623036251
What are the prime factors of 123221183?
123221183
List the prime factors of 832658330.
2, 5, 7, 1093, 10883
What are the prime factors of 183841543?
183841543
List the prime factors of 56593357.
17, 1609, 2069
List the prime factors of 1021151735.
5, 89, 2294723
List the prime factors of 1908854627.
19, 2551, 39383
List the prime factors of 147651488.
2, 4614109
List the prime factors of 241264361.
13, 18558797
What are the prime factors of 1733853315?
3, 5, 115590221
List the prime factors of 50104297.
2017, 24841
List the prime factors of 5329748080.
2, 5, 157, 424343
What are the prime factors of 138442527?
3, 41, 41687
What are the prime factors of 146800512?
2, 3, 14159
List the prime factors of 350089313.
7, 17, 2941927
What are the prime factors of 3327515025?
3, 5, 44366867
What are the prime factors of 6647377578?
2, 3, 15443, 71741
What are the prime factors of 4470619292?
2, 1117654823
What are the prime factors of 157739033?
29, 5439277
List the prime factors of 165853014.
2, 3, 19, 1454851
List the prime factors of 573901064.
2, 11, 592873
List the prime factors of 27845351.
27845351
What are the prime factors of 1215649376?
2, 29, 31, 42257
List the prime factors of 73905234.
2, 3, 13, 653, 1451
List the prime factors of 1937689788.
2, 3, 161474149
List the prime factors of 312619829.
479, 652651
What are the prime factors of 3176429476?
2, 11, 72191579
What are the prime factors of 39883583?
39883583
List the prime factors of 45139634.
2, 61, 369997
What are the prime factors of 10651078?
2, 17, 313267
What are the prime factors of 204000930?
2, 3, 5, 7, 67, 179
List the prime factors of 72089723.
72089723
List the prime factors of 89687439.
3, 3321757
What are the prime factors of 647633505?
3, 5, 43175567
What are the prime factors of 1291298279?
1291298279
What are the prime factors of 737355851?
4567, 161453
What are the prime factors of 417563388?
2, 3, 11, 617, 1709
List the prime factors of 1130567306.
2, 11, 431, 119233
What are the prime factors of 61594017?
3, 43, 47, 10159
What are the prime factors of 318236774?
2, 83, 1917089
What are the prime factors of 1166616494?
2, 583308247
List the prime factors of 4689435670.
2, 5, 468943567
What are the prime factors of 1384777025?
5, 197, 479, 587
List the prime factors of 3172415136.
2, 3, 11, 3004181
List the prime factors of 278900214.
2, 3, 46483369
What are the prime factors of 354852771?
3, 7, 13, 1299827
List the prime factors of 31363913.
7, 4480559
List the prime factors of 1646951949.
3, 1723, 106207
What are the prime factors of 40872091?
13, 3144007
List the prime factors of 1429390967.
1429390967
What are the prime factors of 1350959669?
1663, 812363
What are the prime factors of 1570050882?
2, 3, 163, 535